*t**2 - 7*t. Let s(i) = a(i) + 6*n(i). Suppose -25 = 5*m + 5*y, 23*m + 2*y - 10 = 25*m. Determine s(m).
-1
Let m be 12/(-15)*10/(-4). Let n = 588 + -586. Let q(a) = -5*a**2 + 2*a - 3*a**m - 1 + 6*a**n + 0*a**2 - 2*a**3. What is q(1)?
-3
Let i(z) = z**2 + 4*z - 2. Let n = 6 - 6. Let s(h) = h**2 - h + 4. Let w be s(n). Let y be w/(-10) + 117/(-45). Give i(y).
-5
Let h be ((-5880)/16)/(-15) - (-2)/(-4). Let t(v) = -2*v + 18 + 4*v - h - 3*v. Give t(-4).
-2
Let g(t) = 13*t + 14. Let y(j) be the third derivative of -j**4/12 + 44*j**2. Let i(x) = g(x) + 6*y(x). Give i(-7).
7
Let f be 60*(18/(-5) + 4) + -3. Let z(i) = -21 + 44 - 5*i + 6*i - f. Give z(-4).
-2
Suppose -10*t + 60 = -22*t. Let k(d) be the first derivative of d**2/2 + 7*d + 2. Determine k(t).
2
Let d be (3 - 32/12)/(1/9). Suppose 2*m = -4*p - 14, 0*p + d*m = 5*p + 45. Let y(t) = 5*t + 9. Determine y(p).
-21
Let u(z) = -14*z - 14*z + 4 + z + 19*z + z**2 + 1. What is u(6)?
-7
Suppose 0 = -8*l + 11*l + 9. Let s be 1 + (-75)/l + -4. Let d = -24 + s. Let y(g) = 4*g - 1. What is y(d)?
-9
Suppose -28*l - 13*l = 44*l. Let o(c) be the third derivative of -5/6*c**3 + 9*c**2 + 1/60*c**5 + 0 + 7/24*c**4 + l*c. Determine o(-6).
-11
Let q(m) = -4*m**3 + 5*m**2 - 12*m - 8. Let o(v) = -5*v**3 + 4*v**2 - 12*v - 9. Let c(k) = -5*o(k) + 6*q(k). Calculate c(-11).
8
Let s(a) = -2*a + 1. Let z = 332 - 335. Calculate s(z).
7
Let s = -10 - -21. Let m(a) = 3*a + 6*a - s*a - 6. Determine m(-8).
10
Let k(d) = -d**3 - 4*d**2 - 4. Suppose -36 = -3*o - 0. Let i = o - 16. Calculate k(i).
-4
Let w(f) = -10*f**2 - 3*f - 5. Let n(r) = -r**2 + 18*r - 67. Let u be n(13). Give w(u).
-39
Let w(p) = -p**3 + 5*p**2 + 11*p + 26. Let z be w(7). Let g(u) = 5*u + 0*u**3 + 4*u**2 + u**3 - 2*u**3 - 3. Give g(z).
-3
Let z = -19 - -22. Let t(x) = 2 - z*x + 4 - 3 + 7*x. What is t(-3)?
-9
Let y = -30 + 44. Let w(j) = 3*j - 15 + 13 + 19 + 14*j - j**2 - 4*j. What is w(y)?
3
Let w(n) = 2*n**2 - 10*n - 4. Let p(l) = -l**2 + 5*l + 2. Let y(a) = -7*p(a) - 4*w(a). Determine y(6).
-4
Let g = 33 + -31. Let a(f) = -f**3 - g*f**2 - 16 + 17 + 4*f + 5*f**2. Determine a(3).
13
Suppose -2*h - 14 = -5*z, h - 5*h + z = -8. Let q be ((16/h)/4)/(1/(-3)). Let c(o) = -2*o**2 - 2*o - 4. Give c(q).
-28
Suppose 0 = 13*j - 18*j + 100. Let g = -25 + j. Let y(o) = o**2 + 2*o - 5. What is y(g)?
10
Let j(n) = -3*n + 6. Suppose -95*m = -112*m. Give j(m).
6
Let b(o) = 3 - 209*o + 0 - 2 + 211*o - 5. Let l be 2*(2 - 1) - 3. Let n be l*(0 - 2 - 3). Calculate b(n).
6
Let b(h) = -16*h - 1. Let y(a) = -a**3 + 12*a**2 - 27*a + 1. Let m = 44 - 35. Let z be y(m). What is b(z)?
-17
Let j be 2/8 + (-1)/4. Let f be ((-6)/8)/(3/(-852)). Let a(u) = -f + 2*u - u + 216. Give a(j).
3
Let k(m) = -5*m. Let b(o) = -44*o. Let w(s) = -6*b(s) + 52*k(s). Determine w(-1).
-4
Suppose 4*t = k + 41, 3*k + 0*k = -t + 20. Let f = t - 8. Let d(x) = f*x + x**3 - 1 + 2*x**2 + 1 - 2*x**3. Give d(-2).
10
Let o be (2 + (-12)/4 - -8)*-1. Let u be (-2)/o + (-5)/(-7). Let c(m) = -16*m. What is c(u)?
-16
Suppose 0 = 12*b - 1293 + 1377. Let p(h) = -3*h - 8. Calculate p(b).
13
Let h(m) = -10 - 7 + 28*m - 32*m + 18. What is h(1)?
-3
Let p(m) = 1 + 3633117*m - 3633117*m + 0 - m**2. Let i(v) = -v**2 - 2*v + 5. Let n be i(-4). What is p(n)?
-8
Suppose 160 = 3*s - 23*s. Let n(f) = -20*f - 44. Let i(j) = -7*j - 15. Let x(u) = 17*i(u) - 6*n(u). Determine x(s).
1
Let h(t) be the first derivative of -t**4/4 + 4*t**3/3 + t**2 - 2*t + 79. Give h(3).
13
Suppose -2*w + 2*v + 25 = 3*w, w + 4*v - 5 = 0. Let f(o) = o**2 + o + 2. Let m(r) = r**2 + 3. Let a(h) = w*f(h) - 4*m(h). Give a(-5).
-2
Let t = -1174 - -1173. Let i(x) = 41*x - 1. Give i(t).
-42
Let v(q) = -q**3 - q. Let y(k) = -3*k**3 + 6*k**2 + 4*k - 8. Let n(p) = 2*v(p) - y(p). Calculate n(7).
15
Let j(q) be the second derivative of -q**5/20 + q**4/2 - q**3 - 7*q**2/2 + 8*q - 35. Give j(5).
-12
Let p(l) = l + 24. Let w be p(-10). Let s = 8 - w. Let b(r) = -r - 14. Let h(k) = -1. Let d(f) = -b(f) + 3*h(f). What is d(s)?
5
Let o(q) be the first derivative of -4*q**2 - 4*q - 49. Let j(y) = y. Let k(c) = -6*j(c) - o(c). Give k(-5).
-6
Let p = 29 - 9. Let r(k) = -15*k - 1 - p*k + 42*k - k**2. Suppose -3*u + 8 = -2*a, 44 = -u + 5*u + 4*a. What is r(u)?
5
Let f be ((-5)/(-6) - 1)*-6. Suppose 0 = t - f. Let s(y) = 3 - 2 - t - y. Give s(-6).
6
Let a(h) be the first derivative of 2 - 5*h + 1/2*h**2. Determine a(4).
-1
Let n(m) = 65*m - 39. Let u(o) = -17*o + 10. Let q(r) = -6*n(r) - 23*u(r). Let s = -16 + 10. Determine q(s).
-2
Let s(k) = -k - 4. Let w be s(-4). Let q be (-12)/(-3) + (w - 1). Let c = 4 - q. Let g(x) = -10*x**3 - 2*x + 1. What is g(c)?
-11
Let c(l) = 4*l + 6. Suppose 3*z + 20 = -4*p, 9*z = 14*z + 2*p + 24. What is c(z)?
-10
Let q(o) = 4*o. Suppose d + 5 = -3*n, -4*n - 47 + 34 = -5*d. Determine q(n).
-8
Suppose 5*o - 5*s = -5, 20 = 2*o + 2*o + 4*s. Let b(p) = p - p**2 - 5*p**3 + 4*p**3 + 7 - 4*p**o. What is b(-5)?
2
Let h(d) be the first derivative of 0*d**2 + 5 + 1/3*d**3 + 1/120*d**5 - 1/24*d**4 + 0*d. Let t(s) be the third derivative of h(s). Determine t(4).
3
Let c(b) be the second derivative of b**5/10 - b**4/6 + b**3/2 - b**2 + 79*b. Determine c(2).
12
Let b(k) = -4*k + 4. Let w = 118 + -120. Let m be w/((-6)/13) + (-2)/6. Calculate b(m).
-12
Suppose 7*f - 15 = -36. Let p(w) = -w**3 - w**2 + 2*w. Determine p(f).
12
Let h(z) = -2*z**2 - z**3 - 2*z**2 - 11*z**2 + 11*z**2 - 6. Let d be h(-4). Let f(g) = g**2 + 6*g - 5. Calculate f(d).
-5
Let u(a) be the second derivative of 0 + 1/6*a**3 + 1/120*a**5 + a + 0*a**2 + 1/6*a**4. Let p(v) be the second derivative of u(v). What is p(-5)?
-1
Let y(h) be the second derivative of h**4/12 + h**3/6 + h**2 + 44*h. Determine y(-4).
14
Let c(s) = 4*s**2 - s - 1. Let w(b) = b**2 - 2*b - 1. Let o(f) = -2*c(f) + w(f). Calculate o(-1).
-6
Let r(z) be the first derivative of -5/4*z**4 + 41 - 1/2*z**2 - z + 0*z**3. What is r(-1)?
5
Let g = 1896 + -1904. Let r(w) = -2*w + 1. Determine r(g).
17
Suppose 0 = 5*t + 5*b, t - 3*b - 25 = -9. Let d(g) be the second derivative of 1/6*g**t + 0 - 1/3*g**3 + 2*g - 1/20*g**5 - g**2. What is d(2)?
-6
Suppose -49 - 245 = 21*u. Let r(v) = -v**3 - 14*v**2 + 21. Give r(u).
21
Let c(k) be the third derivative of k**4/8 - 8*k**2. Let d = 31 - 34. Let u be (-2)/6*d + -3. Determine c(u).
-6
Let f(o) = -5*o - 43. Let a be f(-7). Let x(b) = -b**3 - 8*b**2 - 2*b - 7. What is x(a)?
9
Let b(s) = 2*s + 14. Let w(r) = -8*r - 74. Let j be w(-8). Determine b(j).
-6
Let a(g) = 25*g**3 + 2*g - 1. Let x = -71 + 87. Let w be (0 + 2)*8/x. Calculate a(w).
26
Let p(l) = l. Let i(h) = h. Let b(z) = 2*i(z) - p(z). Let t(u) = u**2 + 3. Let q(a) = 6*b(a) - t(a). What is q(6)?
-3
Let c(x) be the second derivative of -x**5/20 + x**4/6 + x**3/6 + x**2 + x. Let r = -1 - -3. Let t be c(r). Let i(m) = -m + 4. Determine i(t).
0
Let w(i) = 4*i**3 + 1. Let p(s) = -17*s**3 - s**2 - s - 3. Suppose -3*r - 2 = -7*r - 5*n, 5*n = 4*r + 18. Let f(v) = r*p(v) - 9*w(v). What is f(2)?
-7
Let l(u) = u**3 + 4*u**2 - 8*u - 6. Suppose -m = -3*c - c + 4, -10 = -5*c. Let w be ((-26)/4 + m)*2. Calculate l(w).
9
Let d(x) = -x**2 + 4*x - 3. Let j = 3 + 0. Let v(a) = -a**3 - 5*a**2 + a + 5. Let f be v(-5). Let o = j - f. Calculate d(o).
0
Let z(i) = 2739 - 2740 + i**2 + 8*i - i. Calculate z(-9).
17
Let k(d) = 2*d + 1. Let n(o) = o. Let r(a) = -k(a) - 2*n(a). Let w be 15/4 + 6/24. Suppose 0 = -w*f - 1 - 11. What is r(f)?
11
Let v(j) = -3*j**2 - 11*j + 10. Let n be v(1). Let o(f) = -2*f**2 - 13*f - 15. Let m(a) = -3*a**2 - 20*a - 23. Let c(z) = -5*m(z) + 8*o(z). Give c(n).
-5
Let z be (-2)/6 - 7/(-3). Suppose -48*f + 51*f = -45. Let x be ((-12)/15)/(z/f). Let c(t) = -t + 7. Determine c(x).
1
Let r(l) = l + 12. Let d(p) = -9*p**2 - 99*p - 6. Let s be d(-11). Calculate r(s).
6
Let f(s) = s**2 + 8*s. Let p be f(-8). Let u(q) = -2*q - 4 + q + p*q. Suppose -64*c + 87 - 343 = 0. Determine u(c).
0
Let f(s) = 6*s - 54. Let z be f(10). Let j = 44 - 25. Suppose j = -5*y - z. Let v(n) = -2*n**2 - 6*n + 7. What is v(y)?
-13
Let j(r) = -2*r - 5. Let l be (1 - -5) + 5 + -9. Suppose -2*c + 84 = 2*c. Let k be l/7 - 132/c. Give j(k).
7
Let w = 157 + -157. Let v(i) = -i**3 + i - 2. Calculate v(w).
-2
Let y(x) = -2*x**2 - 9*x + 3. Let m(g) = -3*g**2 - 10*g + 3. Let p(